4141506
In base 16, what is -dc9 + 3cb6?
2eed
In base 7, what is 26214661 - -154?
26215145
In base 3, what is -11012 + 2102001022020?
2102001011001
In base 7, what is 100 + 120651210?
120651310
In base 14, what is -1d14 - -4801?
28cb
In base 13, what is 229 - 27cc1?
-27a95
In base 14, what is 26a635d + 7?
26a6366
In base 14, what is 55 + -24b746?
-24b6d1
In base 5, what is 2 + 440340432?
440340434
In base 8, what is 4 + -4321375?
-4321371
In base 5, what is -24414034 - 10323?
-24424412
In base 4, what is 312100100010 - -13?
312100100023
In base 14, what is 10 + 955b9?
955c9
In base 15, what is -6c65 - -4b?
-6c19
In base 14, what is 410bcc61 + -1?
410bcc60
In base 12, what is -53031 + 2085?
-50b68
In base 11, what is 173277 + 93?
17335a
In base 3, what is 1112012111122 + 1200?
1112012120022
In base 13, what is 0 + -767c5a?
-767c5a
In base 11, what is 895 + -3a48?
-3163
In base 3, what is -10 - -20100111112221?
20100111112211
In base 6, what is 1244 + 44524?
50212
In base 9, what is 8240463878 + 5?
8240463884
In base 3, what is -2 - 121200021101010112?
-121200021101010121
In base 6, what is 12321 + 135415?
152140
In base 10, what is -4 - -127735?
127731
In base 13, what is -603 + -2aa89?
-2b38c
In base 11, what is -15249aaa + -5?
-1524a004
In base 3, what is 10220121222 - -121?
10220122120
In base 11, what is 14684 + 8906?
2248a
In base 11, what is -353709276 - 0?
-353709276
In base 14, what is 3db76 + 2c?
3dba4
In base 9, what is 23 - 1631032?
-1631008
In base 14, what is d48 - 1a1?
b87
In base 11, what is 1a7 - 54a23?
-54827
In base 11, what is -3 - -34905988?
34905985
In base 14, what is -b2350 - 24?
-b2374
In base 8, what is 15 - -1411362?
1411377
In base 4, what is 1320230020 + -30?
1320223330
In base 11, what is -a8571 + 100?
-a8471
In base 5, what is 4 + 41040324?
41040333
In base 13, what is -26896 - -1254?
-25642
In base 9, what is -146627604 + 4?
-146627600
In base 7, what is 51355 + -1122?
50233
In base 12, what is 32b9369 - 68?
32b9301
In base 3, what is 21 + 11012210202111221?
11012210202112012
In base 4, what is 1 - 1001230313201?
-1001230313200
In base 10, what is -35285707 - 5?
-35285712
In base 5, what is -4440432044 + 114?
-4440431430
In base 5, what is 104311034 + 10410?
104321444
In base 8, what is -42 + -31406410?
-31406452
In base 3, what is 12210010 - 1102?
12201201
In base 13, what is -60 + 16261?
16201
In base 15, what is 4e9 + -1ec9?
-19d0
In base 15, what is 341e225 + 4?
341e229
In base 5, what is 1202342 - 121?
1202221
In base 14, what is -16cdc - -241?
-16a9b
In base 2, what is 11110100000 - 1010010100?
10100001100
In base 4, what is 111120020 + 10301?
111130321
In base 11, what is -1485a - 17867?
-31616
In base 14, what is -3 + 1c52802c?
1c528029
In base 9, what is 14645 + 14872?
30627
In base 8, what is 151365046 - -1?
151365047
In base 13, what is -47c1 - -53?
-476b
In base 9, what is 5 + 1834341?
1834346
In base 6, what is 3 - -330545153?
330545200
In base 4, what is -13333 - 11110300?
-11130233
In base 3, what is -1 - 102111120201012?
-102111120201020
In base 6, what is -1100402212 + 5?
-1100402203
In base 5, what is 320040234 - -10?
320040244
In base 5, what is -404143240 + -14?
-404143304
In base 14, what is 11046 + -160?
10cc6
In base 15, what is 58e43 - 12c?
58d16
In base 6, what is 2103141115 + 3?
2103141122
In base 3, what is -120 - 1101101110012201?
-1101101110020021
In base 6, what is -34203514 - 2?
-34203520
In base 16, what is 2ad79a + 0?
2ad79a
In base 16, what is 1 + -b1d8ae9?
-b1d8ae8
In base 16, what is -3 - -605d369?
605d366
In base 8, what is -10621156 + -153?
-10621331
In base 6, what is 3 + -325452205?
-325452202
In base 14, what is -3d91ddc - -1?
-3d91ddb
In base 10, what is -1 + -146769321?
-146769322
In base 16, what is 6b9 + -53b?
17e
In base 14, what is -517 + -504d?
-5566
In base 14, what is -19c637 + -135?
-19c76c
In base 2, what is 101011000010 + -1100?
101010110110
In base 10, what is 480 + 1184483?
1184963
In base 14, what is -4 - -13d66cc?
13d66c8
In base 2, what is -11011110100101000000011 + 1?
-11011110100101000000010
In base 16, what is -8d5 + -55ed?
-5ec2
In base 9, what is -12310011 - 4?
-12310015
In base 4, what is 10032032330 + 100?
10032033030
In base 10, what is 2217616 + 4?
2217620
In base 3, what is 2211110021111 - 10?
2211110021101
In base 3, what is -111010122001010 - 12?
-111010122001022
In base 9, what is -42 + 513601?
513548
In base 3, what is 101112002010102 + -10?
101112002010022
In base 8, what is -4453 + 43532?
37057
In base 10, what is 1622728 + 4?
1622732
In base 8, what is -4 - 154257155?
-154257161
In base 14, what is 74 + 219b1?
21a45
In base 4, what is 20312333 + 322203?
21301202
In base 7, what is -463 - 1226?
-2022
In base 2, what is -1111001000000110010000 - -10111?
-1111001000000101111001
In base 6, what is -111552343 - 41?
-111552424
In base 4, what is 103003 - 210030?
-101021
In base 15, what is -19624e0 + -3?
-19624e3
In base 5, what is 4211024334 + 4?
4211024343
In base 12, what is 2 + 82214ab?
82214b1
In base 14, what is -1a199 + 637?
-19962
In base 16, what is -2 - 33dad9?
-33dadb
In base 10, what is 1834 - 6492?
-4658
In base 6, what is 21531542 - -534?
21532520
In base 14, what is -3284 + 41b?
-2c67
In base 10, what is 172 + 177662?
177834
In base 13, what is -22a86 - 335?
-230bb
In base 15, what is 188d5d + -5b?
188d02
In base 10, what is 4 + 6058871?
6058875
In base 12, what is -5037902 - 1?
-5037903
In base 7, what is 11501264 - 0?
11501264
In base 7, what is -1024344 - -33653?
-660361
In base 3, what is -2 - -10222001200010010?
10222001200010001
In base 12, what is 5 + -308a70?
-308a67
In base 5, what is 3121332010 - -204?
3121332214
In base 2, what is 111011 + -10010110110000010001111?
-10010110110000001010100
In base 7, what is 120 + 14005602?
14006022
In base 13, what is -9c513476 + -1?
-9c513477
In base 16, what is 5 + 1a2c1?
1a2c6
In base 13, what is -40c7b68 - -1?
-40c7b67
In base 2, what is 101111 - -11011110110000111?
11011110110110110
In base 4, what is 10213031 - 1003311?
3203120
In base 6, what is -10 - 351540102?
-351540112
In base 6, what is -252344 - 2501?
-255245
In base 11, what is 22 + 797436?
797458
In base 15, what is 2c09a9 - 5?
2c09a4
In base 7, what is 112514 - -4135?
116652
In base 10, what is 7 + 3963060?
3963067
In base 5, what is 404331 - -23430?
433311
In base 9, what is -402 + -42133?
-42535
In base 5, what is 123 - 22322000121?
-22321444443
In base 2, what is -11100011001010101110000100110 + 10?
-11100011001010101110000100100
In base 3, what is -220020102 - -101001?
-212212101
In base 13, what is -7 + -9c2861?
-9c2868
In base 9, what is 17584584 - 12?
17584572
In base 11, what is 126 - 75302?
-75187
In base 3, what is 2210100 + 211011?
10121111
In base 5, what is 420110 - 203241?
211314
In base 8, what is -3637773634 - -4?
-3637773630
In base 13, what is 5b7 - 3b9135?
-3b884b
In base 16, what is 77c3740 + -1?
77c373f
In base 9, what is 1 - 206774134?
-206774133
In base 10, what is -2736 - -255?
-2481
In base 11, what is 0 + 7867?
7867
In base 6, what is -134414022411 - 3?
-134414022414
In base 15, what is 37 + -102b2?
-1027a
In base 11, what is 767598 - 4?
767594
In base 13, what is -2a611 + cb8?
-29626
In base 7, what is 45656402 + 2?
45656404
In base 11, what is -81006a + 2?
-810068
In base 8, what is 1720206 + -73?
1720113
In base 14, what is 1 - -1ba6327?
1ba6328
In base 12, what is -827515 + 2?
-827513
In base 4, what is 120333 - 211020013?
-210233020
In base 7, what is -112 + -12062600?
-12063012
In base 7, what is 4064 - 1312?
2452
In base 10, what is 248341 + -2?
248339
In base 6, what is -4334 - 101005?
-105343
In base 16, what is -37840 - 439?
-37c79
In base 13, what is 8 + -b96a600?
-b96a5c5
In base 2, what is 1110 - 101011101110011111110?
-101011101110011110000
In base 15, what is -2 + -39a647?
-39a649
In base 13, what is 20b065 - -8?
20b070
In base 6, what is -135211 - -103200?
-32011
In base 8, what is 14236 + 3747?
20205
In base 13, what is 354692 + -1b?
354674
In base 2, what is -111001 - -100000000011011010?
100000000010100001
In base 9, what is 1705651 - -5?
1705656
In base 9, what is -5432246 - 5?
-5432252
In base 12, what is 111a5 + -4006?
919b
In base 13, what is 4340 - -9837?
10b77
In ba